alculate the highest common factor of 76 and w.
76
Suppose 3*d - 72 = -d - 2*k, 3*d - 56 = -k. Suppose -3 = -3*n - 2*f - f, 2*f = 2*n - 18. What is the highest common divisor of n and d?
5
Suppose -12*o - 4461 = -5313. Calculate the highest common factor of 7739 and o.
71
Suppose -51*a + 95*a - 351296 = 0. Calculate the highest common factor of 16 and a.
16
Let n be 5/(60/27)*2*(-510)/(-153). What is the greatest common factor of 8430 and n?
15
Suppose -33*w - 67 = -1. Let p be (-19)/w*(-2 + 8). What is the highest common factor of p and 12?
3
Let l be 12*(2/(-6) + 1). Let v = -97 - -112. Let s = -13 + v. What is the greatest common divisor of s and l?
2
Suppose 0 = 5*o - 2*a - 167, -3*o = -0*o + 5*a - 94. Calculate the highest common factor of o and 5.
1
Suppose -11*t + 83 = -115. Suppose 0 = -6*b + 1879 + 1253. What is the greatest common divisor of b and t?
18
Let n be 16 + 1/(16/32*(-1)/2). What is the highest common factor of 68 and n?
4
Let o be 7 + (-11 + 8)/(-3) - 0. What is the greatest common divisor of 1640 and o?
8
Suppose -5*s = -4*n - 560, -3*s - 11 = 2*n - 369. Let h(x) = -9 - 114*x - s*x + 223*x. Let w be h(-3). What is the highest common factor of 6 and w?
6
Let p be 11628/10 - (17/(-10) + 30/12). Calculate the greatest common divisor of 70 and p.
14
Let m(v) = -5 - 10*v**2 + 0*v + 25 + 11*v**2 + 3*v. Let o be m(-12). Let g = o + -62. What is the highest common divisor of 44 and g?
22
Let z(y) = -5*y**2 + 105*y - 40. Let a be z(20). What is the greatest common divisor of 1290 and a?
30
Let z be ((-309)/(-9))/((-2)/(-36)*6). Suppose 477*c + 3914 = 479*c. What is the highest common factor of c and z?
103
Let r be 2 - (-355 - (-5)/(5/(-2))). Let l = -348 + r. What is the highest common divisor of 704 and l?
11
Suppose -569 = -0*d + 3*d - 5*q, 3*d = 4*q - 574. Let n be d/55*((-20)/6)/1. Calculate the greatest common factor of n and 66.
6
Let q = -20 - -26. Let h(m) = -2*m**3 + 12*m**2 - 3*m + 1. Let p be h(q). Let w = p - -73. What is the greatest common divisor of w and 7?
7
Suppose 2*c + 2429 = 5*f - 2242, 0 = 5*f - c - 4668. Calculate the highest common factor of 3 and f.
3
Let z(n) = 3*n + 15. Let f be z(-5). Let w(c) = 0*c + f*c + 0 - 4*c + 1. Let q be w(-5). What is the greatest common factor of q and 105?
21
Suppose 3*x - 66 = -213. Let s = x + 67. Calculate the greatest common factor of 42 and s.
6
Let u be (-279)/(-15) - (-50)/125. Let b(x) = -82*x + 15. Let t be b(-7). What is the greatest common divisor of t and u?
19
Let u be -6 - 644/(-28)*(2 - 1). Let k = -54 + 38. Let d = k + u. What is the highest common divisor of 5 and d?
1
Let b be -7 + -2 - -11 - -15. Suppose 5*p - 4*p - b = -q, q = p - 15. Calculate the highest common divisor of 72 and p.
8
Let c = -36 - -34. Let w be (-5 + 4 + -1)*165/c. Suppose -6*v - w = -7*v. What is the highest common divisor of v and 15?
15
Suppose -3*x - 2 + 14 = 0, a + 4*x - 8 = 0. Let k = a - -13. Suppose u - 85 = -k*z, -5*u - z = -0*z - 305. Calculate the greatest common factor of u and 15.
15
Let s(n) = n**2 + 38*n + 363. Let j be s(-15). What is the greatest common factor of j and 1998?
18
Suppose -45*c + 55*c - 41310 = 0. What is the highest common divisor of 27 and c?
27
Suppose -139*v - 216 = -4*k - 138*v, 0 = 4*k + 3*v - 248. Let h be ((-28)/6)/((-1)/69). Calculate the highest common factor of k and h.
14
Let k be (-2)/(-7 - 5/(-1)). Let w be (k + 1)/(((-6)/(-12))/1). Let u(t) = 2*t**2 + 4*t + 4. Let b be u(4). Calculate the highest common divisor of w and b.
4
Let t(u) = 8*u + 35. Let k be t(-4). Suppose -5*y + 137 = 3*z, 2*y - 129 = -k*z + 5. What is the highest common divisor of z and 99?
11
Suppose 223*j - 205*j - 972 = 0. Let l be 120/j + -2 - 3160/(-36). What is the greatest common factor of 16 and l?
8
Let r(a) = -a - 5 - 4 - 12*a - 6. Let w be r(-11). What is the greatest common factor of w and 16?
16
Let s(f) = -f**3 - 5*f**2 - 7*f - 15. Let n be (22/55)/(1/(-15)). Let w be s(n). What is the greatest common factor of w and 315?
63
Let c(g) = 7*g**2 - 4*g + 6. Let r be c(-8). Let h = -282 + r. What is the highest common factor of 24 and h?
12
Let l be 18/(-1 - 89)*-435. Calculate the greatest common factor of 6 and l.
3
Suppose -4*s + 16 = -0*s. Let r be (-4)/(-16) - 14/(-8). Let k be r/(6*4/12). Calculate the greatest common divisor of k and s.
1
Suppose 47*h - 11*h = 947 + 1933. Let s be -1 - -50 - (0 + -1). What is the highest common factor of s and h?
10
Let s = 21839 + -21806. Suppose -4*q - w = -153 - 1956, 4*q - 2121 = 3*w. What is the highest common divisor of q and s?
33
Suppose -21*w + 19*w + 7727 = 5*g, 0 = -4*w - 16. Calculate the highest common factor of g and 51.
17
Suppose -14*s + 55 = -1. Suppose -4*c = s*g - 40, 4*c - 22 = -2*g + 3*c. Calculate the greatest common divisor of g and 84.
12
Suppose 5*p + 4 = -4*f - 16, 0 = 3*f + 2*p + 8. Let y = 22 - f. Suppose o + 14 = y. Calculate the greatest common divisor of o and 36.
4
Suppose -10*r + 2858 = -392. Let q = r + -307. What is the greatest common divisor of 54 and q?
18
Suppose -16 = 3*g - 304. Let x(t) = -191*t**3 + 3*t**2 + 3*t + 1. Let l be x(-1). Suppose -8*u + l = -0*u. Calculate the greatest common divisor of g and u.
24
Let h = 25598 + -25346. Calculate the highest common divisor of h and 1116.
36
Suppose 3*p + 2*j - 1565 = 0, 2*p + 7*j - 1070 = 11*j. Let h = -501 + p. Calculate the highest common factor of h and 114.
6
Let o be 53/(-4 - 197*8/(-392)). What is the highest common divisor of 343 and o?
49
Let s(y) = -37 - 3*y + 4*y + 2*y. Let d(a) = 4*a - 36. Let b(c) = 2*d(c) - 3*s(c). Let z be b(-10). Calculate the highest common factor of 49 and z.
49
Suppose 0 = -4*j - 0*j + 8. Suppose -5*t + 5*r - 7*r = -835, 10 = 2*r. Suppose 171 = 2*d + t. What is the highest common divisor of d and j?
1
Let v(z) = z**2 - 229*z + 6038. Let a be v(27). Calculate the greatest common divisor of a and 1898.
146
Let d = 572 - 293. Suppose 4*t - 227*a - 58 = -225*a, 2*t - 51 = 3*a. Calculate the greatest common factor of d and t.
9
Let i(j) be the second derivative of j**3/6 + 31*j**2/2 + 19*j - 2. Let o be i(-2). What is the greatest common divisor of 377 and o?
29
Let o = 9940 + -1250. Calculate the highest common divisor of 474 and o.
158
Let j(f) = -10*f**3 - f**2 + 12*f - 49. Let s be j(-3). What is the highest common factor of 20416 and s?
176
Let p(b) = -12*b**3 + 613*b**2 - 30*b - 1063. Let v be p(51). Let u = 14 - 2. What is the greatest common factor of u and v?
4
Suppose -b + 0 + 4 = 0. Suppose -b*q + 5*q - 11 = 0. Suppose -z - 306 = -4*f, 2*f + 237 = 5*f + 3*z. What is the highest common divisor of f and q?
11
Let w(p) = -6*p - 29*p - 3*p - 44 + 2*p. Let h be w(-5). Calculate the highest common factor of 8 and h.
8
Let m(v) = -v**2 - 2*v + 79. Suppose 25*y = 30*y. Let b be m(y). Let g be -1 + -1 + b + 3. Calculate the greatest common divisor of 20 and g.
20
Let j be 16*24/180 + (-2)/15. Suppose 0 = j*t - 17 - 3. What is the highest common divisor of 2 and t?
2
Let c(i) = -i**3 - i**2 + 20*i + 6. Let m be c(-7). Calculate the greatest common divisor of 30 and m.
10
Let i be 12/90 + (-174)/(-45). Suppose 3*h + a - 3 = 0, -i*h - h + a - 3 = 0. Suppose h = 5*d - d - 88. What is the highest common divisor of d and 44?
22
Suppose 320*f + 85 = 57*f + 2189. What is the greatest common divisor of f and 14?
2
Let z = -1755 - -2107. Suppose 0 = -h - 3*k - 72, h + 166 = -h + 5*k. Let c = 110 + h. Calculate the highest common factor of c and z.
32
Let c(o) = 56*o - 270. Let y be c(6). What is the greatest common factor of y and 297?
33
Let f = -1736 + 2321. Calculate the greatest common factor of f and 78.
39
Let v be (-4 + 9)*-4*(-2)/8. Suppose -c - 5*a = 13, -a + 3*a = v*c - 43. What is the greatest common factor of c and 19?
1
Let w = 22552 - 21904. Suppose 4*v - 21 - 75 = 0. What is the highest common factor of w and v?
24
Let c be 8/2*63/28. Let g(i) = -i**3 + 7*i**2 + 10*i + 9. Let k be g(c). Let b = -49 - k. What is the greatest common divisor of b and 112?
14
Let v(y) = -78*y**2 + 2*y - 2. Let d be v(1). Let z = 13 + d. Let a = z + 72. Calculate the highest common divisor of 7 and a.
7
Let f(z) = -z + 29. Let t = -2 + -33. Let v be f(t). Calculate the greatest common divisor of 224 and v.
32
Suppose 0 =